01 + 111101010?
111100101
In base 11, what is -210 + 1?
-20a
In base 8, what is 1374 + 0?
1374
In base 11, what is -6 - 16?
-21
In base 3, what is 2 - -2220222?
2221001
In base 9, what is -2 - 1?
-3
In base 14, what is 1a33 + -3?
1a30
In base 12, what is 28 - 137?
-10b
In base 14, what is 10 - -1c?
2c
In base 11, what is 13 + -15?
-2
In base 9, what is -1 - -35?
34
In base 2, what is -11100001110011 - -10?
-11100001110001
In base 16, what is 295 + 8?
29d
In base 5, what is 40400 - 2?
40343
In base 12, what is -5 - 63?
-68
In base 7, what is 30 + -21?
6
In base 16, what is -96 - 4?
-9a
In base 2, what is -1000000011 - 0?
-1000000011
In base 6, what is -23 + 3?
-20
In base 3, what is -1000010 - 2?
-1000012
In base 11, what is -4 + -197?
-1a0
In base 10, what is 707 - 4?
703
In base 15, what is 2 - 27?
-25
In base 11, what is 279 - -2?
280
In base 3, what is -221 - 2211?
-10202
In base 10, what is 70 + 4?
74
In base 5, what is 3 + 31?
34
In base 13, what is 7 + -3c?
-35
In base 14, what is 25 + -d?
16
In base 12, what is -3641 + 5?
-3638
In base 14, what is 82 - -2d?
b1
In base 16, what is -135 + -2?
-137
In base 7, what is -5 - 1?
-6
In base 6, what is -1 + 12144?
12143
In base 7, what is -3 - -5614?
5611
In base 13, what is 1c + 4?
23
In base 3, what is 100102 + -10?
100022
In base 11, what is 2 + 50?
52
In base 6, what is -4 - -102?
54
In base 3, what is 1 - -2111?
2112
In base 11, what is -20 + -12?
-32
In base 3, what is -1 + 121000?
120222
In base 15, what is 36 - b?
2a
In base 11, what is -64 + -1?
-65
In base 8, what is 3 + 2266?
2271
In base 7, what is -1 - -26?
25
In base 12, what is -10 - 7?
-17
In base 3, what is -10 + 20021?
20011
In base 12, what is 32 + 5?
37
In base 15, what is -13 - 173?
-186
In base 13, what is 2 - -599?
59b
In base 16, what is 2e + -8?
26
In base 8, what is 6371 + 5?
6376
In base 15, what is -5 + -972?
-977
In base 13, what is 1c - 6?
16
In base 8, what is 17 + 153?
172
In base 6, what is -2 - -122?
120
In base 8, what is -111175 + 5?
-111170
In base 4, what is 1333 - 11?
1322
In base 11, what is 2 - -3819?
3820
In base 12, what is -206a + -3?
-2071
In base 13, what is -10 + 784?
774
In base 5, what is 10 + 1203?
1213
In base 15, what is 33 - 1?
32
In base 2, what is -1101010 - 0?
-1101010
In base 4, what is 333 + 3?
1002
In base 16, what is b - 25?
-1a
In base 4, what is -2001 - 12?
-2013
In base 4, what is 3 + 31003?
31012
In base 8, what is -2 - 2236?
-2240
In base 8, what is 15 - 17?
-2
In base 11, what is -a0 + 1?
-9a
In base 15, what is -4b1 - -3?
-4ad
In base 12, what is 19 + 180?
199
In base 8, what is -10 - -15?
5
In base 4, what is -1003222 + -10?
-1003232
In base 16, what is 0 + 614?
614
In base 5, what is -10 - 20340?
-20400
In base 5, what is -24 - 3?
-32
In base 3, what is 110122 - 1100?
102022
In base 6, what is 23044 + -1?
23043
In base 13, what is 14b13 + 5?
14b18
In base 13, what is 6 + -24c2?
-24b9
In base 14, what is -1 - 166b?
-166c
In base 2, what is 11 + -100100110?
-100100011
In base 16, what is 59 - 8?
51
In base 14, what is a + 2?
c
In base 11, what is -25 - -1?
-24
In base 15, what is -91 + 2e?
-62
In base 13, what is 50c - -2?
511
In base 4, what is 310230 + -1?
310223
In base 11, what is 27 - 1a?
8
In base 5, what is -100 - -34?
-11
In base 16, what is -8 + a?
2
In base 2, what is -11 - -11101011?
11101000
In base 7, what is 2662 + -2?
2660
In base 12, what is -5 - -51?
48
In base 7, what is -3 - -5340?
5334
In base 6, what is 0 - -424?
424
In base 12, what is 2 - 90?
-8a
In base 6, what is -24 + -41?
-105
In base 11, what is -3 + 1a5?
1a2
In base 8, what is 744 - 4?
740
In base 10, what is -2 + -35?
-37
In base 6, what is 312 + -2?
310
In base 2, what is -11100111 + 100?
-11100011
In base 10, what is 77 + 6?
83
In base 13, what is 3 - -14b?
151
In base 9, what is 305 + -102?
203
In base 13, what is -394 - -4?
-390
In base 8, what is -1547 - 5?
-1554
In base 11, what is 0 - -28?
28
In base 10, what is -1363 - 0?
-1363
In base 10, what is 4 + -250?
-246
In base 11, what is -128 + 13?
-115
In base 7, what is 501 - 3?
465
In base 3, what is 21 - 1101121?
-1101100
In base 5, what is 130200 - 10?
130140
In base 16, what is -b - -f3?
e8
In base 9, what is -14 - 444?
-458
In base 12, what is 120 - -b?
12b
In base 9, what is 3 - -43?
46
In base 11, what is 134 - 0?
134
In base 7, what is -4 - 136?
-143
In base 12, what is -b + 19?
a
In base 12, what is -61 + -4?
-65
In base 15, what is -28 + 5?
-23
In base 2, what is 10110011100111 - 1?
10110011100110
In base 4, what is -233212 - -10?
-233202
In base 6, what is -134 - 20?
-154
In base 11, what is 111 + -13?
a9
In base 2, what is -1000101101 + 10?
-1000101011
In base 6, what is 2 + -104?
-102
In base 5, what is 12 - -3?
20
In base 2, what is -1111 - 11?
-10010
In base 9, what is -1 + 21?
20
In base 12, what is 2 + 112?
114
In base 5, what is -404 + 23?
-331
In base 5, what is -21423 + 3?
-21420
In base 10, what is 4 - 894?
-890
In base 12, what is 63 - -43?
a6
In base 15, what is -2 + 513?
511
In base 10, what is 620 + -3?
617
In base 2, what is 100101110100 - -1?
100101110101
In base 5, what is -1 - 1104?
-1110
In base 7, what is 26 - 362?
-333
In base 8, what is -13 + -46?
-61
In base 16, what is 1 + -c?
-b
In base 11, what is 0 - -44?
44
In base 13, what is 91 + -5c?
32
In base 2, what is -11 + -10001?
-10100
In base 14, what is c76 + 0?
c76
In base 3, what is -2111 + -1?
-2112
In base 11, what is -1 - 21a?
-220
In base 11, what is -3 + -2a?
-32
In base 10, what is -540 - -2?
-538
In base 13, what is -8 - 2?
-a
In base 15, what is 18d - 3?
18a
In base 16, what is -57 + -1?
-58
In base 5, what is 3 - 40?
-32
In base 10, what is -64 + 4?
-60
In base 13, what is 42 - -c4?
136
In base 2, what is 1000001 - -111?
1001000
In base 7, what is 54 + -501?
-414
In base 10, what is -32 + 5?
-27
In base 3, what is -11 - 102212?
-110000
In base 5, what is -3 + 2?
-1
In base 9, what is 0 - 572?
-572
In base 8, what is -212 + -12?
-224
In base 14, what is 23 - 10?
13
In base 5, what is 311 - 31?
230
In base 13, what is -1 + -15?
-16
In base 15, what is -a - 278?
-283
In base 3, what is 1020210 - 0?
1020210
In base 4, what is -1210 + 200?
-1010
In base 5, what is 314 + -1110?
-241
In base 13, what is -5 + -12?
-17
In base 9, what is -2213 + -5?
-2218
In base 15, what is 1c1 + 9?
1ca
In base 5, what is -4 + 20413?
20404
In base 6, what is -2 - 252?
-254
In base 9, what is 10632 + 5?
10637
In base 5, what is 0 - -134?
134
In base 3, what is -201200 - -1?
-201122
In base 4, what is 1031 + 12?
1103
In base 7, what is 5 - 1540?
-1532
In base 13, what is -4 + 84?
80
In base 8, what is -76 + -203?
-301
In base 10, what is -3 + 3?
0
In base 2, what is 1000111 + -1?
1000110
In base 11, what is -2378 + 0?
-2378
In base 15, what is a - 475?
-46a
In base 6, what is 334 - 2?
332
In base 2, what is 1 - -100010?
100011
In base 14, what is 2 - -44?
46
In base 6, what is 432 - -101?
533
In base 16, what is 1 + -11a2?
-11a1
In base 12, what is -3 + -120?
-123
In base 10, what is -40 + 24?
-16
In base 2, what is -101 + 100000110?
100000001
In base 7, what is 156 - 20?
136
In base 7, what is 164 - -1?
165
In base 4, what is -22300 - -1?
-22233
In base 11, what is -1 + 4118?
4117
In base 9, what is 178 + -12?
166
In base 14, what is -5 + 9?
4
In base 8, what is -13 - -4?
-7
In base 14, what is 19 - -2c7?
302
In base 5, what is -2 + -1003?
-1010
In base 2, what is -1110 - -100?
-1010
In base 4, what is -10 - -313222?
313212
In base 10, what is 396 + -4?
392
In base 3, what is -212 - -202?
-10
In base 9, what is -26 - 5?
-32
In base 11, what is -2 - 27?
-29
In base 10, what is -24 + 5?
-19
In base 2, what is -10000000101 - -100?
-10000000001
In base 6, what is 4 + -220?
-212
In base 14, what is -20 - -19?
-5
In base 8, what is -3676 + -1?
-3677
In base 5, what is -2412202 + -3?
-2412210
In base 14, what is 0 + 135?
135
In base 14, what is 5 - -74?
79
In base 8, what is -4 + -3352?
-3356
In base 13, what is 1a3a - 4?
1a36
In base 10, what is -30 - 11?
-41
In base 13, what is -1545 - 5?
-154a
In base 12, what is -460 - 2?
-462
In base 16, what is -1 - 1c?
-1d
In base 9, what is 4 - 358?
-354
In base 14, what is -120 - -5?
-119
In base 6, what is 0 - -11540?
11540
In base 7, w